{"id":2828,"date":"2020-03-26T17:43:19","date_gmt":"2020-03-26T16:43:19","guid":{"rendered":"https:\/\/mariedubrulle.com\/?page_id=2828"},"modified":"2026-01-07T11:13:53","modified_gmt":"2026-01-07T11:13:53","slug":"photographe-mariage","status":"publish","type":"page","link":"https:\/\/mariedubrulle.com\/index.php\/photographe-mariage\/","title":{"rendered":"Photographe Mariage"},"content":{"rendered":"\n<p>Votre mariage est jusqu&#8217;\u00e0 ce jour la journ\u00e9e la plus importante de votre vie. La plus importante parce que vous allez vous engager aupr\u00e8s de cet autre \u00eatre qui est la personne la plus importante pour vous.<\/p>\n\n\n\n<p>Futurs mari\u00e9s, je vous propose de vous accompagner avant et pendant votre mariage.<br>Le choix de votre photographe de mariage est primordial, car les photos seront le seul souvenir tangible que vous garderez de cette magnifique journ\u00e9e.<\/p>\n\n\n\n<p>Je vous suivrai dans des moments de profonde intimit\u00e9 et dans des moments d&#8217;intenses \u00e9motions. C&#8217;est pourquoi il est important que l&#8217;on apprenne \u00e0 se conna\u00eetre, \u00e0 se d\u00e9couvrir.<\/p>\n\n\n\n<p>Et si on se rencontrait ? Afin de pouvoir \u00e9changer sur vous deux, votre rencontre, vos souhaits et vos envies pour votre journ\u00e9e de mariage, vos projets&#8230;<\/p>\n\n\n\n<p>Il s&#8217;agit de vous livrer un reportage empreint d&#8217;\u00e9motions, et surtout, un reportage qui vous ressemble.<\/p>\n\n\n\n<p>Je ne me consid\u00e8re pas seulement comme photographe de mariage \u00e0 Lille (ou ailleurs). Je vous accompagnerai vraiment \u00e0 100%. Nous nous rencontrerons avant votre mariage; une premi\u00e8re fois par visio avant m\u00eame que vous preniez votre d\u00e9cision. Pour en savoir un peu plus sur vous, et pour que je vous explique comment je travaille.<br>Puis une vraie rencontre, pendant laquelle nous prendrons le temps de papoter, d&#8217;apprendre \u00e0 se conna\u00eetre. Je vous aurais envoy\u00e9 un questionnaire avant pour en apprendre un peu plus sur vous. On parlera alors de qui vous \u00eates, comment vous vous \u00eates rencontr\u00e9s, la demande en mariage, vos projets, vos envies, vos passions&#8230; Bref on cr\u00e9era un lien ind\u00e9fectible pour que ce reportage soit le v\u00f4tre.<br>Puis nous ferons une s\u00e9ance engagement. <\/p>\n\n\n\n<p>Tout cela nous permet d&#8217;apprendre \u00e0 nous conna\u00eetre et d&#8217;\u00eatre \u00e0 l&#8217;aise les uns avec les autres. Pour que le jour de votre mariage, vous voyiez arriver une amie, plus qu&#8217;un prestataire.<\/p>\n\n\n\n<p><\/p>\n","protected":false},"excerpt":{"rendered":"<p>Votre mariage est jusqu&#8217;\u00e0 ce jour la journ\u00e9e la plus importante de votre vie. La plus importante parce que vous allez vous engager aupr\u00e8s de cet autre \u00eatre qui est la personne la plus importante pour vous. Futurs mari\u00e9s, je vous propose de vous accompagner avant et pendant votre mariage.Le choix de votre photographe de [&hellip;]<\/p>\n","protected":false},"author":2,"featured_media":8289,"parent":0,"menu_order":0,"comment_status":"closed","ping_status":"closed","template":"","meta":{"narrative_post_script":"","footnotes":""},"class_list":["post-2828","page","type-page","status-publish","has-post-thumbnail"],"yoast_head":"<!-- This site is optimized with the Yoast SEO plugin v27.4 - https:\/\/yoast.com\/product\/yoast-seo-wordpress\/ -->\n<title>Photographe mariage en France et ailleurs | Marie Dubrulle<\/title>\n<meta name=\"description\" content=\"Photographe mariage (France, Maroc, etc.), j&#039;immortalise les moments forts de votre union. Des clich\u00e9s uniques et magiques.\" \/>\n<meta name=\"robots\" content=\"index, follow, max-snippet:-1, max-image-preview:large, max-video-preview:-1\" \/>\n<link rel=\"canonical\" href=\"https:\/\/mariedubrulle.com\/index.php\/photographe-mariage\/\" \/>\n<meta property=\"og:locale\" content=\"fr_FR\" \/>\n<meta property=\"og:type\" content=\"article\" \/>\n<meta property=\"og:title\" content=\"D\u00e9couvrez en plus ici concernant les reportages photos de mariage de Marie Dubrulle\" \/>\n<meta property=\"og:description\" content=\"D\u00e9couvrez en plus ici concernant les reportages photos de mariage de Marie Dubrulle\" \/>\n<meta property=\"og:url\" content=\"https:\/\/mariedubrulle.com\/index.php\/photographe-mariage\/\" \/>\n<meta property=\"og:site_name\" content=\"Marie Dubrulle Photographie\" \/>\n<meta property=\"article:modified_time\" content=\"2026-01-07T11:13:53+00:00\" \/>\n<meta property=\"og:image\" content=\"https:\/\/mariedubrulle.com\/wp-content\/uploads\/Elopement-en-nor-Lille-MARIEDUBRULLE-135_opt.jpg\" \/>\n\t<meta property=\"og:image:width\" content=\"1875\" \/>\n\t<meta property=\"og:image:height\" content=\"1248\" \/>\n\t<meta property=\"og:image:type\" content=\"image\/jpeg\" \/>\n<meta name=\"twitter:card\" content=\"summary_large_image\" \/>\n<meta name=\"twitter:title\" content=\"D\u00e9couvrez en plus ici concernant les reportages photos de mariage de Marie Dubrulle\" \/>\n<meta name=\"twitter:description\" content=\"D\u00e9couvrez en plus ici concernant les reportages photos de mariage de Marie Dubrulle\" \/>\n<meta name=\"twitter:image\" content=\"https:\/\/mariedubrulle.com\/wp-content\/uploads\/Elopement-en-nor-Lille-MARIEDUBRULLE-135_opt.jpg\" \/>\n<meta name=\"twitter:label1\" content=\"Dur\u00e9e de lecture estim\u00e9e\" \/>\n\t<meta name=\"twitter:data1\" content=\"17 minutes\" \/>\n<script type=\"application\/ld+json\" class=\"yoast-schema-graph\">{\"@context\":\"https:\\\/\\\/schema.org\",\"@graph\":[{\"@type\":\"WebPage\",\"@id\":\"https:\\\/\\\/mariedubrulle.com\\\/index.php\\\/photographe-mariage\\\/\",\"url\":\"https:\\\/\\\/mariedubrulle.com\\\/index.php\\\/photographe-mariage\\\/\",\"name\":\"Photographe mariage en France et ailleurs | Marie Dubrulle\",\"isPartOf\":{\"@id\":\"https:\\\/\\\/mariedubrulle.com\\\/#website\"},\"primaryImageOfPage\":{\"@id\":\"https:\\\/\\\/mariedubrulle.com\\\/index.php\\\/photographe-mariage\\\/#primaryimage\"},\"image\":{\"@id\":\"https:\\\/\\\/mariedubrulle.com\\\/index.php\\\/photographe-mariage\\\/#primaryimage\"},\"thumbnailUrl\":\"https:\\\/\\\/mariedubrulle.com\\\/wp-content\\\/uploads\\\/Photographe-mariage-maroc-227.jpg\",\"datePublished\":\"2020-03-26T16:43:19+00:00\",\"dateModified\":\"2026-01-07T11:13:53+00:00\",\"description\":\"Photographe mariage (France, Maroc, etc.), j'immortalise les moments forts de votre union. Des clich\u00e9s uniques et magiques.\",\"breadcrumb\":{\"@id\":\"https:\\\/\\\/mariedubrulle.com\\\/index.php\\\/photographe-mariage\\\/#breadcrumb\"},\"inLanguage\":\"fr-FR\",\"potentialAction\":[{\"@type\":\"ReadAction\",\"target\":[\"https:\\\/\\\/mariedubrulle.com\\\/index.php\\\/photographe-mariage\\\/\"]}]},{\"@type\":\"ImageObject\",\"inLanguage\":\"fr-FR\",\"@id\":\"https:\\\/\\\/mariedubrulle.com\\\/index.php\\\/photographe-mariage\\\/#primaryimage\",\"url\":\"https:\\\/\\\/mariedubrulle.com\\\/wp-content\\\/uploads\\\/Photographe-mariage-maroc-227.jpg\",\"contentUrl\":\"https:\\\/\\\/mariedubrulle.com\\\/wp-content\\\/uploads\\\/Photographe-mariage-maroc-227.jpg\",\"width\":2500,\"height\":1663,\"caption\":\"C\u00e9r\u00e9monie la\u00efque \u00e0 marrakech\"},{\"@type\":\"BreadcrumbList\",\"@id\":\"https:\\\/\\\/mariedubrulle.com\\\/index.php\\\/photographe-mariage\\\/#breadcrumb\",\"itemListElement\":[{\"@type\":\"ListItem\",\"position\":1,\"name\":\"Home\",\"item\":\"https:\\\/\\\/mariedubrulle.com\\\/\"},{\"@type\":\"ListItem\",\"position\":2,\"name\":\"Photographe Mariage\"}]},{\"@type\":\"WebSite\",\"@id\":\"https:\\\/\\\/mariedubrulle.com\\\/#website\",\"url\":\"https:\\\/\\\/mariedubrulle.com\\\/\",\"name\":\"mariedubrullephotographie\",\"description\":\"Photographe de moments de vie\",\"publisher\":{\"@id\":\"https:\\\/\\\/mariedubrulle.com\\\/#\\\/schema\\\/person\\\/1439f191d35a8547a82f0ae860c21149\"},\"potentialAction\":[{\"@type\":\"SearchAction\",\"target\":{\"@type\":\"EntryPoint\",\"urlTemplate\":\"https:\\\/\\\/mariedubrulle.com\\\/?s={search_term_string}\"},\"query-input\":{\"@type\":\"PropertyValueSpecification\",\"valueRequired\":true,\"valueName\":\"search_term_string\"}}],\"inLanguage\":\"fr-FR\"},{\"@type\":[\"Person\",\"Organization\"],\"@id\":\"https:\\\/\\\/mariedubrulle.com\\\/#\\\/schema\\\/person\\\/1439f191d35a8547a82f0ae860c21149\",\"name\":\"marie.dubrulle\",\"image\":{\"@type\":\"ImageObject\",\"inLanguage\":\"fr-FR\",\"@id\":\"https:\\\/\\\/secure.gravatar.com\\\/avatar\\\/2db183aee1df97cfd08cd9300d37b56c62c42a951be146db4f5e3aa9aa39ee33?s=96&d=mm&r=g\",\"url\":\"https:\\\/\\\/secure.gravatar.com\\\/avatar\\\/2db183aee1df97cfd08cd9300d37b56c62c42a951be146db4f5e3aa9aa39ee33?s=96&d=mm&r=g\",\"contentUrl\":\"https:\\\/\\\/secure.gravatar.com\\\/avatar\\\/2db183aee1df97cfd08cd9300d37b56c62c42a951be146db4f5e3aa9aa39ee33?s=96&d=mm&r=g\",\"caption\":\"marie.dubrulle\"},\"logo\":{\"@id\":\"https:\\\/\\\/secure.gravatar.com\\\/avatar\\\/2db183aee1df97cfd08cd9300d37b56c62c42a951be146db4f5e3aa9aa39ee33?s=96&d=mm&r=g\"}}]}<\/script>\n<!-- \/ Yoast SEO plugin. -->","yoast_head_json":{"title":"Photographe mariage en France et ailleurs | Marie Dubrulle","description":"Photographe mariage (France, Maroc, etc.), j'immortalise les moments forts de votre union. Des clich\u00e9s uniques et magiques.","robots":{"index":"index","follow":"follow","max-snippet":"max-snippet:-1","max-image-preview":"max-image-preview:large","max-video-preview":"max-video-preview:-1"},"canonical":"https:\/\/mariedubrulle.com\/index.php\/photographe-mariage\/","og_locale":"fr_FR","og_type":"article","og_title":"D\u00e9couvrez en plus ici concernant les reportages photos de mariage de Marie Dubrulle","og_description":"D\u00e9couvrez en plus ici concernant les reportages photos de mariage de Marie Dubrulle","og_url":"https:\/\/mariedubrulle.com\/index.php\/photographe-mariage\/","og_site_name":"Marie Dubrulle Photographie","article_modified_time":"2026-01-07T11:13:53+00:00","og_image":[{"width":1875,"height":1248,"url":"https:\/\/mariedubrulle.com\/wp-content\/uploads\/Elopement-en-nor-Lille-MARIEDUBRULLE-135_opt.jpg","type":"image\/jpeg"}],"twitter_card":"summary_large_image","twitter_title":"D\u00e9couvrez en plus ici concernant les reportages photos de mariage de Marie Dubrulle","twitter_description":"D\u00e9couvrez en plus ici concernant les reportages photos de mariage de Marie Dubrulle","twitter_image":"https:\/\/mariedubrulle.com\/wp-content\/uploads\/Elopement-en-nor-Lille-MARIEDUBRULLE-135_opt.jpg","twitter_misc":{"Dur\u00e9e de lecture estim\u00e9e":"17 minutes"},"schema":{"@context":"https:\/\/schema.org","@graph":[{"@type":"WebPage","@id":"https:\/\/mariedubrulle.com\/index.php\/photographe-mariage\/","url":"https:\/\/mariedubrulle.com\/index.php\/photographe-mariage\/","name":"Photographe mariage en France et ailleurs | Marie Dubrulle","isPartOf":{"@id":"https:\/\/mariedubrulle.com\/#website"},"primaryImageOfPage":{"@id":"https:\/\/mariedubrulle.com\/index.php\/photographe-mariage\/#primaryimage"},"image":{"@id":"https:\/\/mariedubrulle.com\/index.php\/photographe-mariage\/#primaryimage"},"thumbnailUrl":"https:\/\/mariedubrulle.com\/wp-content\/uploads\/Photographe-mariage-maroc-227.jpg","datePublished":"2020-03-26T16:43:19+00:00","dateModified":"2026-01-07T11:13:53+00:00","description":"Photographe mariage (France, Maroc, etc.), j'immortalise les moments forts de votre union. Des clich\u00e9s uniques et magiques.","breadcrumb":{"@id":"https:\/\/mariedubrulle.com\/index.php\/photographe-mariage\/#breadcrumb"},"inLanguage":"fr-FR","potentialAction":[{"@type":"ReadAction","target":["https:\/\/mariedubrulle.com\/index.php\/photographe-mariage\/"]}]},{"@type":"ImageObject","inLanguage":"fr-FR","@id":"https:\/\/mariedubrulle.com\/index.php\/photographe-mariage\/#primaryimage","url":"https:\/\/mariedubrulle.com\/wp-content\/uploads\/Photographe-mariage-maroc-227.jpg","contentUrl":"https:\/\/mariedubrulle.com\/wp-content\/uploads\/Photographe-mariage-maroc-227.jpg","width":2500,"height":1663,"caption":"C\u00e9r\u00e9monie la\u00efque \u00e0 marrakech"},{"@type":"BreadcrumbList","@id":"https:\/\/mariedubrulle.com\/index.php\/photographe-mariage\/#breadcrumb","itemListElement":[{"@type":"ListItem","position":1,"name":"Home","item":"https:\/\/mariedubrulle.com\/"},{"@type":"ListItem","position":2,"name":"Photographe Mariage"}]},{"@type":"WebSite","@id":"https:\/\/mariedubrulle.com\/#website","url":"https:\/\/mariedubrulle.com\/","name":"mariedubrullephotographie","description":"Photographe de moments de vie","publisher":{"@id":"https:\/\/mariedubrulle.com\/#\/schema\/person\/1439f191d35a8547a82f0ae860c21149"},"potentialAction":[{"@type":"SearchAction","target":{"@type":"EntryPoint","urlTemplate":"https:\/\/mariedubrulle.com\/?s={search_term_string}"},"query-input":{"@type":"PropertyValueSpecification","valueRequired":true,"valueName":"search_term_string"}}],"inLanguage":"fr-FR"},{"@type":["Person","Organization"],"@id":"https:\/\/mariedubrulle.com\/#\/schema\/person\/1439f191d35a8547a82f0ae860c21149","name":"marie.dubrulle","image":{"@type":"ImageObject","inLanguage":"fr-FR","@id":"https:\/\/secure.gravatar.com\/avatar\/2db183aee1df97cfd08cd9300d37b56c62c42a951be146db4f5e3aa9aa39ee33?s=96&d=mm&r=g","url":"https:\/\/secure.gravatar.com\/avatar\/2db183aee1df97cfd08cd9300d37b56c62c42a951be146db4f5e3aa9aa39ee33?s=96&d=mm&r=g","contentUrl":"https:\/\/secure.gravatar.com\/avatar\/2db183aee1df97cfd08cd9300d37b56c62c42a951be146db4f5e3aa9aa39ee33?s=96&d=mm&r=g","caption":"marie.dubrulle"},"logo":{"@id":"https:\/\/secure.gravatar.com\/avatar\/2db183aee1df97cfd08cd9300d37b56c62c42a951be146db4f5e3aa9aa39ee33?s=96&d=mm&r=g"}}]}},"_links":{"self":[{"href":"https:\/\/mariedubrulle.com\/index.php\/wp-json\/wp\/v2\/pages\/2828","targetHints":{"allow":["GET"]}}],"collection":[{"href":"https:\/\/mariedubrulle.com\/index.php\/wp-json\/wp\/v2\/pages"}],"about":[{"href":"https:\/\/mariedubrulle.com\/index.php\/wp-json\/wp\/v2\/types\/page"}],"author":[{"embeddable":true,"href":"https:\/\/mariedubrulle.com\/index.php\/wp-json\/wp\/v2\/users\/2"}],"replies":[{"embeddable":true,"href":"https:\/\/mariedubrulle.com\/index.php\/wp-json\/wp\/v2\/comments?post=2828"}],"version-history":[{"count":10,"href":"https:\/\/mariedubrulle.com\/index.php\/wp-json\/wp\/v2\/pages\/2828\/revisions"}],"predecessor-version":[{"id":9759,"href":"https:\/\/mariedubrulle.com\/index.php\/wp-json\/wp\/v2\/pages\/2828\/revisions\/9759"}],"wp:featuredmedia":[{"embeddable":true,"href":"https:\/\/mariedubrulle.com\/index.php\/wp-json\/wp\/v2\/media\/8289"}],"wp:attachment":[{"href":"https:\/\/mariedubrulle.com\/index.php\/wp-json\/wp\/v2\/media?parent=2828"}],"curies":[{"name":"wp","href":"https:\/\/api.w.org\/{rel}","templated":true}]}}